me factors of ((-414)/k)/(3/164)?
3, 41
Suppose -z - 5*h = -12740, -32*z + 35*z - 38176 = -4*h. What are the prime factors of z?
2, 3, 5, 53
Let y(z) = -5*z + 12. Let k be y(4). What are the prime factors of 6/(-9)*(0 - (-5844)/k)?
487
Let c(k) = -11*k - 95. Let z be c(-9). Let a = 62 + z. What are the prime factors of a?
2, 3, 11
Let o be (-612)/(-20) - (1 - (-6)/(-15)). Suppose 0 = 6*a + 12 - o. What are the prime factors of a?
3
Let q(b) = 6942*b - 508. List the prime factors of q(1).
2, 3217
Suppose -h - 160 = -5*h. Suppose 0 = 14*x - 4*x - h. Suppose -2*k + x = -18. What are the prime factors of k?
11
Let o(p) = -p**3 - 2*p**2 + 3*p. Suppose -9*h - 7 = 20. Let q be o(h). Suppose q = -t + 42 + 16. List the prime factors of t.
2, 29
Let p(n) = n + 36. Suppose 2*c + 2*i + 8 = 0, 3*i + i + 18 = -2*c. Let a be (4 + -52)/4 + c + -2. List the prime factors of p(a).
23
Suppose 74900 = 5*z - 2*t - 150693, -3*z - 5*t = -135331. What are the prime factors of z?
3, 557
Let d = -897 + 317. Let w = 1870 + d. List the prime factors of w.
2, 3, 5, 43
Suppose 4502 + 864 = 3*c + a, -4*c + 7154 = a. What are the prime factors of c?
2, 3, 149
Suppose -5*u - 4*i + 90750 = 0, 55637 + 16963 = 4*u + i. What are the prime factors of u?
2, 3, 5, 11
Suppose -4*z = -36629 - 16091. What are the prime factors of z?
2, 5, 659
Let x(p) = 39*p + 304. Let i be x(-7). Let k be (5/3)/(2/12). Let r = k + i. What are the prime factors of r?
41
Suppose 2*v - 5*u - 28980 = -3*u, 3*v + u = 43466. What are the prime factors of v?
14489
Let w(h) = -9*h + h**2 + 11 - h**3 - 8*h + 14*h. List the prime factors of w(-6).
281
Let t(f) = 3*f**2 + 4*f - 855. List the prime factors of t(-78).
3, 5, 17, 67
Let d(w) = -w + 7. Let g be d(7). Suppose 6*l + n = 9*l - 3211, l - n - 1071 = g. What are the prime factors of l?
2, 5, 107
Suppose -9 + 13 = k. Suppose 240 = k*y + 5*s, -2*s = -5*s. Let f = 79 - y. What are the prime factors of f?
19
Let t(q) = q**2 + 132*q + 1347. List the prime factors of t(-167).
2, 29, 31
Let m(c) = -c**3 + 6*c**2 - 6*c + 5. Let t be m(5). Suppose h - 8 + 3 = t. Let b(q) = 44*q. What are the prime factors of b(h)?
2, 5, 11
Suppose 12*z - 10*z - 4020 = -4*p, -5*z + p + 10072 = 0. List the prime factors of z.
2, 19, 53
Let i(g) = 200*g + 2019. What are the prime factors of i(5)?
3019
Suppose 3*f - 6 = 3*v - 3, 4*f = -4*v + 4. Suppose i + 0*i + 1 = v. List the prime factors of i + (1 - -3) + 77.
2, 5
Suppose -23*z + 22*z - 794784 = -25*z. What are the prime factors of z?
2, 17, 487
Suppose -q + q = -q. Suppose -3*s + 175 = 2*f - 92, 3*f + s - 383 = q. List the prime factors of f.
2, 3, 7
Suppose 362*y + 13470776 + 49929997 = 1211*y. What are the prime factors of y?
53, 1409
Let z = 125 - 89. Suppose -3*c - 5*f + 6 + 18 = 0, 0 = -3*c + f + 6. Suppose -2*t = -c*q - t + z, 5*t = 0. List the prime factors of q.
2, 3
What are the prime factors of 381/(-15)*(-9)/(-18)*-470?
47, 127
Suppose -29*k - 9957 = -80717. What are the prime factors of k?
2, 5, 61
Let c(x) = -x**3 - 41*x**2 - 197*x + 157. List the prime factors of c(-36).
769
Let t(x) = -4820*x - 2212. What are the prime factors of t(-5)?
2, 3, 19
Let n(b) = -4*b**3 + 10*b**2 - 16*b - 7. Let v(p) = -p**2 + 13*p - 29. Let s be v(9). Let i be n(s). What are the prime factors of 2/3 + i/(-33)?
31
Let k(d) = d**2 + 15*d. Let s be k(-8). Let r = s + 6. Let v = r - -85. List the prime factors of v.
5, 7
Let m = 24 - 19. Let g(o) = -m + 15 + 0 - o - 2*o + 3*o**2. What are the prime factors of g(-3)?
2, 23
Let k(j) be the second derivative of 53*j**5/20 - j**4/12 + j**3/6 - j**2/2 + 32*j. Let w = 1 + 0. List the prime factors of k(w).
2, 13
Let k(n) = -2*n**2 + 41*n - 18. Let f be k(20). Suppose -2*w - 2*a + 768 = 0, -4*w - f*a = w - 1911. List the prime factors of w.
3, 127
Let s be (7 + -13 - -237) + 4. Suppose 0 = -p - 4*a + s, 7*a = 2*a - 5. List the prime factors of p.
239
Suppose i - s - 4516 = 0, 0 = 4*i - 12*s + 9*s - 18063. What are the prime factors of i?
3, 5, 7, 43
Suppose f = 4*o + 4 - 124, 60 = 2*o - 2*f. Suppose -o = -2*h + 8. Let p = h + 84. List the prime factors of p.
103
Let p(a) = -5*a + 66. Let c be p(11). Suppose 0 = -15*v + c*v + 2552. Suppose -4*m + 0*n = -5*n - 507, 5*m - 2*n = v. List the prime factors of m.
2
Let x be (-24)/9*9/4. Suppose -3*h - 30 = 3*d, -h - 2*d + 13 = 25. What are the prime factors of ((-772)/x)/(h*(-2)/24)?
193
Suppose -78585 = -26*v + 15*v + 6181. List the prime factors of v.
2, 3853
Let p(j) = 395*j**3 + 12*j**2 - 47*j + 8. What are the prime factors of p(4)?
2, 6323
Let o be 6*1/(-5)*(-160)/48. Suppose -3*a = 4*z - 248, -o*a + 3*z + z = -340. Suppose -k + a = 3*m, 293 = 4*k + 5*m - 50. List the prime factors of k.
3, 29
Suppose -13*y - 21 = 5. What are the prime factors of -8*(-4 - (-7)/y)?
2, 3, 5
Let y = 470 - 446. Suppose -y*j + 17955 = -3*j. List the prime factors of j.
3, 5, 19
Let m = 523 - 568. Let k(w) = -w**3 + 6*w**2 + 8. Let q be k(6). List the prime factors of (m/1)/((-2)/(-2 + q)).
3, 5
What are the prime factors of (-10 + (-1384)/40)*-135?
3, 223
List the prime factors of ((-255)/510)/((3 - 0)/(-427182)).
7, 1453
Let r(x) = 1286*x**2 - 131*x - 440. List the prime factors of r(-6).
2, 23321
Let m be (-1)/9*-15 - 10/6. Suppose 2*x - 17 - 1699 = m. List the prime factors of x.
2, 3, 11, 13
Let q(g) = 10*g**2 + 21*g - 23. Let w be q(-7). Suppose -i + w = -422. What are the prime factors of i?
2, 7, 53
Let w(i) = 3*i**3 + 3*i**2 - 12*i - 10. Let v(d) = d**3 + 27*d**2 + 27*d + 31. Let x be v(-26). What are the prime factors of w(x)?
2, 5, 19
Let s(w) = 714*w**3 + 16*w**2 - 21*w + 8. List the prime factors of s(2).
2, 3, 11, 29
Suppose 2 - 2 = -6*b. Suppose b*c = 2*c - 204. Suppose -z + 3*a + c = 24, -z - 2*a + 103 = 0. What are the prime factors of z?
3, 31
Let g = -331 + 334. Suppose -4*f = 2*m - 3*m + 735, 4*f = -g*m + 2141. List the prime factors of m.
719
Let t(c) = -c**3 + 4*c**2 + c - 3. Let u be t(4). Suppose w + 5*a - 16 = 0, w - 15 - u = 4*a. Let d = w + 3. List the prime factors of d.
19
Suppose 5*p = 4*y + 54, 2*p - 4*p = 5*y - 48. Let o(k) = k**2 + 7*k + 7. Let w be o(-9). Let u = w + p. What are the prime factors of u?
3, 13
Let y(z) = -2*z**3 + 39*z**2 + 53*z + 46. List the prime factors of y(-23).
2, 7, 17, 23
Let s be 8/(-52) - 580/(-52). Suppose -v - s = -18. Let y(z) = 12*z - 28. What are the prime factors of y(v)?
2, 7
Let p(x) = 31*x**2 - 6*x + 7. Suppose 3*w - 59 = -41. List the prime factors of p(w).
1087
Let l(f) = f**3 - 15*f**2 - 35*f + 20. Let m be l(17). Let g be -1 + 159 + (1 - 6/m). Let v = g + -99. List the prime factors of v.
2, 29
Let q be (-1)/(-1) - (6 + 147). Let v = 86 - q. What are the prime factors of v?
2, 7, 17
Let j(v) = 100*v**3 + 2*v**2 - v - 1. Suppose 5*u = 615 - 200. Let s = -82 + u. What are the prime factors of j(s)?
2, 5
Suppose -k + 5*m + 3000 = -3645, k + 5*m - 6615 = 0. List the prime factors of k.
2, 3, 5, 13, 17
Let d(m) = -m**3 - 16*m**2 - 39*m + 66. Let a be d(-21). Suppose 0*s = 2*z + 2*s - a, -4*s = 16. What are the prime factors of z?
1549
Let j(f) = 27*f**2 + 36*f - 151. List the prime factors of j(8).
5, 373
Let u(v) = -v**2 + 7*v + 3. Let m be u(7). Suppose -2*z - 1048 = -4*z. What are the prime factors of 1/(z/(-176) + m)?
2, 11
Suppose 26*u = -10*u + 330889 + 140927. List the prime factors of u.
2, 6553
Let s = 13315 - 4309. List the prime factors of s.
2, 3, 19, 79
Suppose 2*t + 3 - 7 = 0. Suppose -4*k = -t*k + 30. Let n = k + 98. What are the prime factors of n?
83
Let c be 15/(-2)*-1*(-96)/(-10). Let p = 82 - c. List the prime factors of p.
2, 5
Suppose 0 = 18*l - 19*l + 8. Suppose 3*f = -2*g - 3*g + 791, -l = -4*f. List the prime factors of g.
157
Suppose 5*k + 2*c + 3309 = 0, 2*k + 1328 = -5*c + 2*c. Let d = -78 - k. What are the prime factors of d?
11, 53
Let w = -448 - 377. Let q = w - -1190. What are the prime factors of q?
5, 73
Let p(f) = f**3 - 15*f**2 + 2*f + 23. Let d(y) = y**3 - 19*y**2 + y + 24. Let w(l) = 5*d(l) - 6*p(l). List the prime factors of w(-7).
3, 43
Let s(a) = -a + 3. Let b be s(-1). Suppose -4*f = 5*k + 13, 5*f - b*k + 2 = 2*f. Let w = f - -8. What are the prime factors of w?
2, 3
Let z be (-3)/(-36)*66 - 3/2. Suppose 4*v = -5*q + 640, 2*q - 256 = 5*v - z*v. List the prime